{"id":280,"date":"2026-04-06T18:50:09","date_gmt":"2026-04-06T16:50:09","guid":{"rendered":"https:\/\/www.malvesenminervois.fr\/?page_id=280"},"modified":"2026-04-07T21:08:07","modified_gmt":"2026-04-07T19:08:07","slug":"demarches-administratives","status":"publish","type":"page","link":"https:\/\/www.malvesenminervois.fr\/index.php\/demarches-administratives\/","title":{"rendered":"D\u00e9marches administratives"},"content":{"rendered":"\n<div class=\"wp-block-columns is-layout-flex wp-container-core-columns-is-layout-28f84493 wp-block-columns-is-layout-flex\">\n<div class=\"wp-block-column is-layout-flow wp-block-column-is-layout-flow\">\n<div data-wp-context=\"{ &quot;autoclose&quot;: false, &quot;accordionItems&quot;: [] }\" data-wp-interactive=\"core\/accordion\" role=\"group\" class=\"wp-block-accordion is-layout-flow wp-block-accordion-is-layout-flow\">\n<div data-wp-class--is-open=\"state.isOpen\" data-wp-context=\"{ &quot;id&quot;: &quot;accordion-item-1&quot;, &quot;openByDefault&quot;: false }\" data-wp-init=\"callbacks.initAccordionItems\" data-wp-on-window--hashchange=\"callbacks.hashChange\" class=\"wp-block-accordion-item is-layout-flow wp-block-accordion-item-is-layout-flow\">\n<h3 class=\"wp-block-accordion-heading\"><button aria-expanded=\"false\" aria-controls=\"accordion-item-1-panel\" data-wp-bind--aria-expanded=\"state.isOpen\" data-wp-on--click=\"actions.toggle\" data-wp-on--keydown=\"actions.handleKeyDown\" id=\"accordion-item-1\" type=\"button\" class=\"wp-block-accordion-heading__toggle\"><span class=\"wp-block-accordion-heading__toggle-title\">\u00c9TAT CIVIL<\/span><span class=\"wp-block-accordion-heading__toggle-icon\" aria-hidden=\"true\">+<\/span><\/button><\/h3>\n\n\n\n<div inert aria-labelledby=\"accordion-item-1\" data-wp-bind--inert=\"!state.isOpen\" id=\"accordion-item-1-panel\" role=\"region\" class=\"wp-block-accordion-panel is-layout-flow wp-block-accordion-panel-is-layout-flow\">\n<p><a href=\"https:\/\/demarches.service-public.fr\/mademarche\/rnipp\/demarche?execution=e1s1\" target=\"_blank\" rel=\"noreferrer noopener\">Demande d&rsquo;acte de naissance<\/a><br><a href=\"https:\/\/www.service-public.gouv.fr\/particuliers\/vosdroits\/F930\" target=\"_blank\" rel=\"noreferrer noopener\">Se marier<\/a><br><a href=\"https:\/\/www.service-public.gouv.fr\/particuliers\/vosdroits\/F1618\" target=\"_blank\" rel=\"noreferrer noopener\">Se pacser<\/a><br><a href=\"https:\/\/www.service-public.gouv.fr\/particuliers\/vosdroits\/N31784\" target=\"_blank\" rel=\"noreferrer noopener\">Demande de livret de famille<\/a><br><a href=\"https:\/\/www.service-public.gouv.fr\/particuliers\/vosdroits\/F16507\" target=\"_blank\" rel=\"noreferrer noopener\">D\u00e9c\u00e8s d&rsquo;un proche<\/a><br><\/p>\n<\/div>\n<\/div>\n<\/div>\n<\/div>\n<\/div>\n\n\n\n<div data-wp-context=\"{ &quot;autoclose&quot;: false, &quot;accordionItems&quot;: [] }\" data-wp-interactive=\"core\/accordion\" role=\"group\" class=\"wp-block-accordion is-layout-flow wp-block-accordion-is-layout-flow\">\n<div data-wp-class--is-open=\"state.isOpen\" data-wp-context=\"{ &quot;id&quot;: &quot;accordion-item-2&quot;, &quot;openByDefault&quot;: false }\" data-wp-init=\"callbacks.initAccordionItems\" data-wp-on-window--hashchange=\"callbacks.hashChange\" class=\"wp-block-accordion-item is-layout-flow wp-block-accordion-item-is-layout-flow\">\n<h3 class=\"wp-block-accordion-heading\"><button aria-expanded=\"false\" aria-controls=\"accordion-item-2-panel\" data-wp-bind--aria-expanded=\"state.isOpen\" data-wp-on--click=\"actions.toggle\" data-wp-on--keydown=\"actions.handleKeyDown\" id=\"accordion-item-2\" type=\"button\" class=\"wp-block-accordion-heading__toggle\"><span class=\"wp-block-accordion-heading__toggle-title\">PAPIERS ET CITOYENNET\u00c9<\/span><span class=\"wp-block-accordion-heading__toggle-icon\" aria-hidden=\"true\">+<\/span><\/button><\/h3>\n\n\n\n<div inert aria-labelledby=\"accordion-item-2\" data-wp-bind--inert=\"!state.isOpen\" id=\"accordion-item-2-panel\" role=\"region\" class=\"wp-block-accordion-panel is-layout-flow wp-block-accordion-panel-is-layout-flow\">\n<p><a href=\"https:\/\/www.service-public.fr\/particuliers\/vosdroits\/F870\" target=\"_blank\" rel=\"noreferrer noopener\">Recensement citoyen<\/a><br><a href=\"https:\/\/www.service-public.gouv.fr\/particuliers\/vosdroits\/R16396\" target=\"_blank\" rel=\"noreferrer noopener\">Inscription liste \u00e9lectorale<\/a><br><a href=\"https:\/\/www.service-public.gouv.fr\/particuliers\/vosdroits\/F1604\" target=\"_blank\" rel=\"noreferrer noopener\">Vote par procuration<\/a><br><a href=\"https:\/\/app.synbird.com\/11800-trebes-mairie-de-trebes\" target=\"_blank\" rel=\"noreferrer noopener\">Demande passeport \/CNI <\/a><br><a href=\"https:\/\/permisdeconduire.ants.gouv.fr\/\" target=\"_blank\" rel=\"noreferrer noopener\">Permis de conduire<\/a><\/p>\n<\/div>\n<\/div>\n<\/div>\n\n\n\n<div data-wp-context=\"{ &quot;autoclose&quot;: false, &quot;accordionItems&quot;: [] }\" data-wp-interactive=\"core\/accordion\" role=\"group\" class=\"wp-block-accordion is-layout-flow wp-block-accordion-is-layout-flow\">\n<div data-wp-class--is-open=\"state.isOpen\" data-wp-context=\"{ &quot;id&quot;: &quot;accordion-item-3&quot;, &quot;openByDefault&quot;: false }\" data-wp-init=\"callbacks.initAccordionItems\" data-wp-on-window--hashchange=\"callbacks.hashChange\" class=\"wp-block-accordion-item is-layout-flow wp-block-accordion-item-is-layout-flow\">\n<h3 class=\"wp-block-accordion-heading\"><button aria-expanded=\"false\" aria-controls=\"accordion-item-3-panel\" data-wp-bind--aria-expanded=\"state.isOpen\" data-wp-on--click=\"actions.toggle\" data-wp-on--keydown=\"actions.handleKeyDown\" id=\"accordion-item-3\" type=\"button\" class=\"wp-block-accordion-heading__toggle\"><span class=\"wp-block-accordion-heading__toggle-title\">URBANISME ET HABITAT<\/span><span class=\"wp-block-accordion-heading__toggle-icon\" aria-hidden=\"true\">+<\/span><\/button><\/h3>\n\n\n\n<div inert aria-labelledby=\"accordion-item-3\" data-wp-bind--inert=\"!state.isOpen\" id=\"accordion-item-3-panel\" role=\"region\" class=\"wp-block-accordion-panel is-layout-flow wp-block-accordion-panel-is-layout-flow\">\n<p><a href=\"https:\/\/www.geoportail-urbanisme.gouv.fr\/territoire\/11215\" target=\"_blank\" rel=\"noreferrer noopener\">Cadastre et PLU<\/a><br><a href=\"https:\/\/portail-ads.carcassonne-agglo.fr\/guichet-unique\/Login\/Particulier\" target=\"_blank\" rel=\"noreferrer noopener\">Demande d&rsquo;autorisations d&rsquo;urbanisme<\/a><br><a href=\"https:\/\/entreprendre.service-public.gouv.fr\/vosdroits\/F23509\" target=\"_blank\" rel=\"noreferrer noopener\">Permis de stationnement et permission de voirie<\/a><br><a href=\"https:\/\/www.service-public.gouv.fr\/particuliers\/vosdroits\/N31344\" target=\"_blank\" rel=\"noreferrer noopener\">Formalit\u00e9s relatives \u00e0 la r\u00e9alisation de travaux<\/a><br><a href=\"https:\/\/www.service-public.gouv.fr\/particuliers\/vosdroits\/R1252\" target=\"_blank\" rel=\"noreferrer noopener\">D\u00e9claration fiscale d&rsquo;une construction individuelle<\/a><br><a href=\"https:\/\/www.aude.gouv.fr\/Actions-de-l-Etat\/Environnement-eau-foret-chasse-risques-naturels-technologiques\/Environnement-et-Developpement-durable\/Foret\/Defense-des-Forets-Contre-les-Incendies-DFCI\/Les-Obligations-Legales-de-Debroussaillement-OLD\" target=\"_blank\" rel=\"noreferrer noopener\">D\u00e9broussaillement<\/a><br><a href=\"https:\/\/www.service-public.gouv.fr\/particuliers\/vosdroits\/R43241\" target=\"_blank\" rel=\"noreferrer noopener\">Op\u00e9ration tranquillit\u00e9 vacances<\/a><br><\/p>\n<\/div>\n<\/div>\n<\/div>\n\n\n\n<div data-wp-context=\"{ &quot;autoclose&quot;: false, &quot;accordionItems&quot;: [] }\" data-wp-interactive=\"core\/accordion\" role=\"group\" class=\"wp-block-accordion is-layout-flow wp-block-accordion-is-layout-flow\">\n<div data-wp-class--is-open=\"state.isOpen\" data-wp-context=\"{ &quot;id&quot;: &quot;accordion-item-4&quot;, &quot;openByDefault&quot;: false }\" data-wp-init=\"callbacks.initAccordionItems\" data-wp-on-window--hashchange=\"callbacks.hashChange\" class=\"wp-block-accordion-item is-layout-flow wp-block-accordion-item-is-layout-flow\">\n<h3 class=\"wp-block-accordion-heading\"><button aria-expanded=\"false\" aria-controls=\"accordion-item-4-panel\" data-wp-bind--aria-expanded=\"state.isOpen\" data-wp-on--click=\"actions.toggle\" data-wp-on--keydown=\"actions.handleKeyDown\" id=\"accordion-item-4\" type=\"button\" class=\"wp-block-accordion-heading__toggle\"><span class=\"wp-block-accordion-heading__toggle-title\">EAU, ASSAINISSEMENT ET D\u00c9CHETS<\/span><span class=\"wp-block-accordion-heading__toggle-icon\" aria-hidden=\"true\">+<\/span><\/button><\/h3>\n\n\n\n<div inert aria-labelledby=\"accordion-item-4\" data-wp-bind--inert=\"!state.isOpen\" id=\"accordion-item-4-panel\" role=\"region\" class=\"wp-block-accordion-panel is-layout-flow wp-block-accordion-panel-is-layout-flow\">\n<p><a href=\"https:\/\/conques-sur-orbiel.fr\/fr\/rb\/521263\/decheteries-31\" target=\"_blank\" rel=\"noreferrer noopener\">D\u00e9chetterie et horaires<\/a><br><a href=\"https:\/\/www.carcassonne-agglo.fr\/mon-quotidien\/demarches-en-ligne\/le-portail-de-leau\/\" target=\"_blank\" rel=\"noreferrer noopener\">Gestion de l&rsquo;eau<\/a><\/p>\n<\/div>\n<\/div>\n<\/div>\n","protected":false},"excerpt":{"rendered":"","protected":false},"author":1,"featured_media":0,"parent":0,"menu_order":0,"comment_status":"closed","ping_status":"closed","template":"","meta":{"footnotes":""},"class_list":["post-280","page","type-page","status-publish","hentry"],"_links":{"self":[{"href":"https:\/\/www.malvesenminervois.fr\/index.php\/wp-json\/wp\/v2\/pages\/280","targetHints":{"allow":["GET"]}}],"collection":[{"href":"https:\/\/www.malvesenminervois.fr\/index.php\/wp-json\/wp\/v2\/pages"}],"about":[{"href":"https:\/\/www.malvesenminervois.fr\/index.php\/wp-json\/wp\/v2\/types\/page"}],"author":[{"embeddable":true,"href":"https:\/\/www.malvesenminervois.fr\/index.php\/wp-json\/wp\/v2\/users\/1"}],"replies":[{"embeddable":true,"href":"https:\/\/www.malvesenminervois.fr\/index.php\/wp-json\/wp\/v2\/comments?post=280"}],"version-history":[{"count":10,"href":"https:\/\/www.malvesenminervois.fr\/index.php\/wp-json\/wp\/v2\/pages\/280\/revisions"}],"predecessor-version":[{"id":418,"href":"https:\/\/www.malvesenminervois.fr\/index.php\/wp-json\/wp\/v2\/pages\/280\/revisions\/418"}],"wp:attachment":[{"href":"https:\/\/www.malvesenminervois.fr\/index.php\/wp-json\/wp\/v2\/media?parent=280"}],"curies":[{"name":"wp","href":"https:\/\/api.w.org\/{rel}","templated":true}]}}