{"id":282,"date":"2026-04-06T18:58:36","date_gmt":"2026-04-06T16:58:36","guid":{"rendered":"https:\/\/www.malvesenminervois.fr\/?page_id=282"},"modified":"2026-04-07T17:45:12","modified_gmt":"2026-04-07T15:45:12","slug":"le-carre-detente","status":"publish","type":"page","link":"https:\/\/www.malvesenminervois.fr\/index.php\/le-carre-detente\/","title":{"rendered":"Le Carr\u00e9 D\u00e9tente"},"content":{"rendered":"\n<section class=\"wp-block-group alignfull is-style-default is-layout-flow wp-block-group-is-layout-flow\" style=\"margin-top:0;margin-bottom:0;padding-top:0;padding-bottom:0\">\n<div style=\"aspect-ratio:19\/9;min-height:unset;\" class=\"wp-block-cover aspect-xs-square has-aspect-ratio\"><img loading=\"lazy\" decoding=\"async\" width=\"1024\" height=\"576\" class=\"wp-block-cover__image-background wp-image-394 size-large\" alt=\"\" src=\"https:\/\/www.malvesenminervois.fr\/wp-content\/uploads\/2026\/04\/DJI_0100-2-1024x576.jpg\" data-object-fit=\"cover\" srcset=\"https:\/\/www.malvesenminervois.fr\/wp-content\/uploads\/2026\/04\/DJI_0100-2-1024x576.jpg 1024w, https:\/\/www.malvesenminervois.fr\/wp-content\/uploads\/2026\/04\/DJI_0100-2-300x169.jpg 300w, https:\/\/www.malvesenminervois.fr\/wp-content\/uploads\/2026\/04\/DJI_0100-2-768x432.jpg 768w, https:\/\/www.malvesenminervois.fr\/wp-content\/uploads\/2026\/04\/DJI_0100-2-1536x864.jpg 1536w, https:\/\/www.malvesenminervois.fr\/wp-content\/uploads\/2026\/04\/DJI_0100-2-2048x1152.jpg 2048w\" sizes=\"auto, (max-width: 1024px) 100vw, 1024px\" \/><span aria-hidden=\"true\" class=\"wp-block-cover__background has-black-background-color has-background-dim\"><\/span><div class=\"wp-block-cover__inner-container has-global-padding is-layout-constrained wp-block-cover-is-layout-constrained\">\n<div class=\"wp-block-group alignwide is-layout-flow wp-block-group-is-layout-flow\">\n<h2 class=\"wp-block-heading is-style-text-summary is-style-text-summary--1\" style=\"font-style:normal;font-weight:200;line-height:1\">En bas du village&#8230; au bord du ruisseau<\/h2>\n\n\n\n<div class=\"wp-block-group is-layout-flow wp-container-core-group-is-layout-26ef70db wp-block-group-is-layout-flow\">\n<h1 class=\"wp-block-heading is-style-text-callout is-style-text-callout--2\">Sport, nature et d\u00e9tente<\/h1>\n<\/div>\n<\/div>\n<\/div><\/div>\n<\/section>\n\n\n\n<section class=\"wp-block-group alignfull is-style-section-2 has-global-padding is-layout-constrained wp-block-group-is-layout-constrained is-style-section-2--3\" style=\"margin-top:0;margin-bottom:0;padding-top:var(--wp--preset--spacing--40);padding-bottom:var(--wp--preset--spacing--40)\">\n<div class=\"wp-block-group alignwide is-layout-grid wp-container-core-group-is-layout-6c81cce5 wp-block-group-is-layout-grid\">\n<div class=\"wp-block-group is-style-section-1 is-layout-flow wp-container-core-group-is-layout-0367358f wp-block-group-is-layout-flow is-style-section-1--4\" style=\"border-radius:12px;padding-top:var(--wp--preset--spacing--64);padding-right:var(--wp--preset--spacing--32);padding-bottom:var(--wp--preset--spacing--64);padding-left:var(--wp--preset--spacing--32)\">\n<div class=\"wp-block-group has-global-padding is-layout-constrained wp-block-group-is-layout-constrained\">\n<figure class=\"wp-block-image aligncenter size-full is-resized is-style-icon-aware-1 wp-duotone-varpresetduotoneprimary-and-base-5\"><img loading=\"lazy\" decoding=\"async\" width=\"256\" height=\"256\" src=\"https:\/\/www.malvesenminervois.fr\/wp-content\/uploads\/2026\/04\/foot.png\" alt=\"\" class=\"wp-image-397\" style=\"width:64px\" srcset=\"https:\/\/www.malvesenminervois.fr\/wp-content\/uploads\/2026\/04\/foot.png 256w, https:\/\/www.malvesenminervois.fr\/wp-content\/uploads\/2026\/04\/foot-150x150.png 150w\" sizes=\"auto, (max-width: 256px) 100vw, 256px\" \/><\/figure>\n<\/div>\n\n\n\n<div class=\"wp-block-group is-style-default is-layout-flow wp-container-core-group-is-layout-bf11f27b wp-block-group-is-layout-flow\" style=\"border-style:none;border-width:0px\">\n<h1 class=\"wp-block-heading has-text-align-center is-style-text-lead is-style-text-lead--6\">Football<\/h1>\n\n\n\n<p class=\"has-text-align-center is-style-text-note has-secondary-800-color has-text-color has-link-color wp-elements-1d54bd3bbf447a43fd21083e9c32699a is-style-text-note--7\">1 terrain, vestiaire, wc<\/p>\n<\/div>\n<\/div>\n\n\n\n<div class=\"wp-block-group is-style-section-1 is-layout-flow wp-container-core-group-is-layout-0367358f wp-block-group-is-layout-flow is-style-section-1--8\" style=\"border-radius:12px;padding-top:var(--wp--preset--spacing--64);padding-right:var(--wp--preset--spacing--32);padding-bottom:var(--wp--preset--spacing--64);padding-left:var(--wp--preset--spacing--32)\">\n<div class=\"wp-block-group has-global-padding is-layout-constrained wp-block-group-is-layout-constrained\">\n<figure class=\"wp-block-image aligncenter size-full is-resized is-style-icon-aware-1 wp-duotone-varpresetduotoneprimary-and-base-9\"><img loading=\"lazy\" decoding=\"async\" width=\"256\" height=\"256\" src=\"https:\/\/www.malvesenminervois.fr\/wp-content\/uploads\/2026\/04\/city.png\" alt=\"\" class=\"wp-image-400\" style=\"width:64px\" srcset=\"https:\/\/www.malvesenminervois.fr\/wp-content\/uploads\/2026\/04\/city.png 256w, https:\/\/www.malvesenminervois.fr\/wp-content\/uploads\/2026\/04\/city-150x150.png 150w\" sizes=\"auto, (max-width: 256px) 100vw, 256px\" \/><\/figure>\n<\/div>\n\n\n\n<div class=\"wp-block-group is-style-default is-layout-flow wp-container-core-group-is-layout-bf11f27b wp-block-group-is-layout-flow\" style=\"border-style:none;border-width:0px\">\n<h3 class=\"wp-block-heading has-text-align-center is-style-text-lead is-style-text-lead--10\">City Stade<\/h3>\n\n\n\n<p class=\"has-text-align-center is-style-text-note has-secondary-800-color has-text-color has-link-color wp-elements-f6b1b4eb35c66dda05f69146b0fbc0ee is-style-text-note--11\">1 terrain multi-modal<\/p>\n<\/div>\n<\/div>\n\n\n\n<div class=\"wp-block-group is-style-section-1 is-layout-flow wp-container-core-group-is-layout-0367358f wp-block-group-is-layout-flow is-style-section-1--12\" style=\"border-radius:12px;padding-top:var(--wp--preset--spacing--64);padding-right:var(--wp--preset--spacing--32);padding-bottom:var(--wp--preset--spacing--64);padding-left:var(--wp--preset--spacing--32)\">\n<div class=\"wp-block-group has-global-padding is-layout-constrained wp-block-group-is-layout-constrained\">\n<figure class=\"wp-block-image aligncenter size-full is-resized is-style-icon-aware-1 wp-duotone-varpresetduotoneprimary-and-base-13\"><img loading=\"lazy\" decoding=\"async\" width=\"256\" height=\"256\" src=\"http:\/\/www.malvesenminervois.fr\/wp-content\/uploads\/2026\/04\/tennis.png\" alt=\"\" class=\"wp-image-398\" style=\"width:64px\" srcset=\"https:\/\/www.malvesenminervois.fr\/wp-content\/uploads\/2026\/04\/tennis.png 256w, https:\/\/www.malvesenminervois.fr\/wp-content\/uploads\/2026\/04\/tennis-150x150.png 150w\" sizes=\"auto, (max-width: 256px) 100vw, 256px\" \/><\/figure>\n<\/div>\n\n\n\n<div class=\"wp-block-group is-style-default is-layout-flow wp-container-core-group-is-layout-bf11f27b wp-block-group-is-layout-flow\" style=\"border-style:none;border-width:0px\">\n<h3 class=\"wp-block-heading has-text-align-center is-style-text-lead is-style-text-lead--14\">Tennis<\/h3>\n\n\n\n<p class=\"has-text-align-center is-style-text-note has-secondary-800-color has-text-color has-link-color wp-elements-3722fb4096b460b69d7369c8e1e9fc72 is-style-text-note--15\">1 terrain<\/p>\n<\/div>\n<\/div>\n\n\n\n<div class=\"wp-block-group is-style-section-1 is-layout-flow wp-container-core-group-is-layout-0367358f wp-block-group-is-layout-flow is-style-section-1--16\" style=\"border-radius:12px;padding-top:var(--wp--preset--spacing--64);padding-right:var(--wp--preset--spacing--32);padding-bottom:var(--wp--preset--spacing--64);padding-left:var(--wp--preset--spacing--32)\">\n<div class=\"wp-block-group has-global-padding is-layout-constrained wp-block-group-is-layout-constrained\">\n<figure class=\"wp-block-image aligncenter size-full is-resized is-style-icon-aware-1 wp-duotone-varpresetduotoneprimary-and-base-17\"><img loading=\"lazy\" decoding=\"async\" width=\"256\" height=\"256\" src=\"https:\/\/www.malvesenminervois.fr\/wp-content\/uploads\/2026\/04\/petanque-guinguette.png\" alt=\"\" class=\"wp-image-399\" style=\"width:64px\" srcset=\"https:\/\/www.malvesenminervois.fr\/wp-content\/uploads\/2026\/04\/petanque-guinguette.png 256w, https:\/\/www.malvesenminervois.fr\/wp-content\/uploads\/2026\/04\/petanque-guinguette-150x150.png 150w\" sizes=\"auto, (max-width: 256px) 100vw, 256px\" \/><\/figure>\n<\/div>\n\n\n\n<div class=\"wp-block-group is-style-default is-layout-flow wp-container-core-group-is-layout-bf11f27b wp-block-group-is-layout-flow\" style=\"border-style:none;border-width:0px\">\n<h3 class=\"wp-block-heading has-text-align-center is-style-text-lead is-style-text-lead--18\">P\u00e9tanque<\/h3>\n\n\n\n<p class=\"has-text-align-center is-style-text-note has-secondary-800-color has-text-color has-link-color wp-elements-bc6854bb2616a80df5e4eb318a774e26 is-style-text-note--19\"><em>2026-2027<\/em><\/p>\n<\/div>\n<\/div>\n<\/div>\n\n\n\n<section class=\"wp-block-group alignfull is-style-section-2 has-global-padding is-layout-constrained wp-block-group-is-layout-constrained is-style-section-2--20\" style=\"margin-top:0;margin-bottom:0;padding-top:var(--wp--preset--spacing--80);padding-bottom:var(--wp--preset--spacing--80)\">\n<div class=\"wp-block-group alignwide has-c-50-background-color has-background is-layout-flow wp-container-core-group-is-layout-6e9d347c wp-block-group-is-layout-flow\">\n<div class=\"wp-block-group is-layout-flow wp-block-group-is-layout-flow\">\n<div class=\"wp-block-columns is-layout-flex wp-container-core-columns-is-layout-46dc1dd9 wp-block-columns-is-layout-flex\">\n<div class=\"wp-block-column is-layout-flow wp-block-column-is-layout-flow\">\n<h2 class=\"wp-block-heading is-style-text-title-2 is-style-text-title-2--21\" id=\"associations\">Les Associations sportives<\/h2>\n<\/div>\n<\/div>\n<\/div>\n\n\n\n<div class=\"wp-block-group is-style-section-5 is-layout-flow wp-block-group-is-layout-flow is-style-section-5--22\">\n<div class=\"wp-block-group is-layout-grid wp-container-core-group-is-layout-ffff8842 wp-block-group-is-layout-grid\" style=\"padding-top:var(--wp--preset--spacing--4);padding-right:var(--wp--preset--spacing--4);padding-bottom:var(--wp--preset--spacing--4);padding-left:var(--wp--preset--spacing--4)\">\n<div class=\"wp-block-group is-style-section-1 no-underline is-vertical is-content-justification-stretch is-layout-flex wp-container-core-group-is-layout-2f51b870 wp-block-group-is-layout-flex is-style-section-1--23\" style=\"border-radius:12px;min-height:100%;padding-top:var(--wp--preset--spacing--24);padding-right:var(--wp--preset--spacing--24);padding-bottom:var(--wp--preset--spacing--24);padding-left:var(--wp--preset--spacing--24)\">\n<div class=\"wp-block-group is-nowrap is-layout-flex wp-container-core-group-is-layout-e088cbc5 wp-block-group-is-layout-flex\" style=\"line-height:1\">\n<figure class=\"wp-block-image size-full is-resized is-style-icon-aware-1\"><img decoding=\"async\" src=\"https:\/\/www.malvesenminervois.fr\/wp-content\/themes\/city-town\/assets\/icons\/circle-check-solid.webp\" alt=\"\" style=\"width:22px\"\/><\/figure>\n\n\n\n<p class=\"is-style-text-aware-1 is-style-text-note has-secondary-800-color has-text-color has-link-color wp-elements-7306c803a80f15a469797fba65db9955 is-style-text-note--24\"><a href=\"https:\/\/www.centredansemalves.fr\/\" target=\"_blank\" rel=\"noreferrer noopener\">Centre Chor\u00e9graphique de danse<\/a><\/p>\n<\/div>\n\n\n\n<div class=\"wp-block-group is-nowrap is-layout-flex wp-container-core-group-is-layout-e088cbc5 wp-block-group-is-layout-flex\" style=\"line-height:1\">\n<figure class=\"wp-block-image size-full is-resized is-style-icon-aware-1\"><img decoding=\"async\" src=\"https:\/\/www.malvesenminervois.fr\/wp-content\/themes\/city-town\/assets\/icons\/circle-check-solid.webp\" alt=\"\" style=\"width:22px\"\/><\/figure>\n\n\n\n<p class=\"is-style-text-aware-1 is-style-text-note has-secondary-800-color has-text-color has-link-color wp-elements-5cefa1b78e60b378c457e3b94df21b0a is-style-text-note--25\"><a href=\"#!\">Courir \u00e0 <\/a><a href=\"https:\/\/www.facebook.com\/groups\/614055054020677\" target=\"_blank\" rel=\"noreferrer noopener\">Malves<\/a><\/p>\n<\/div>\n\n\n\n<div class=\"wp-block-group is-nowrap is-layout-flex wp-container-core-group-is-layout-e088cbc5 wp-block-group-is-layout-flex\" style=\"line-height:1\">\n<figure class=\"wp-block-image size-full is-resized is-style-icon-aware-1\"><img decoding=\"async\" src=\"https:\/\/www.malvesenminervois.fr\/wp-content\/themes\/city-town\/assets\/icons\/circle-check-solid.webp\" alt=\"\" style=\"width:22px\"\/><\/figure>\n\n\n\n<p class=\"is-style-text-aware-1 is-style-text-note has-secondary-800-color has-text-color has-link-color wp-elements-281e6b70f3d75fd13a3a78845dfe6d69 is-style-text-note--26\"><a href=\"#!\">Clamoux P\u00eache<\/a><\/p>\n<\/div>\n\n\n\n<div class=\"wp-block-group is-nowrap is-layout-flex wp-container-core-group-is-layout-e088cbc5 wp-block-group-is-layout-flex\" style=\"line-height:1\">\n<figure class=\"wp-block-image size-full is-resized is-style-icon-aware-1\"><img decoding=\"async\" src=\"https:\/\/www.malvesenminervois.fr\/wp-content\/themes\/city-town\/assets\/icons\/circle-check-solid.webp\" alt=\"\" style=\"width:22px\"\/><\/figure>\n\n\n\n<p class=\"is-style-text-aware-1 is-style-text-note has-secondary-800-color has-text-color has-link-color wp-elements-a4d73a74088bfea0c090a13be8867b91 is-style-text-note--27\"><a href=\"#!\">Club de Marche<\/a><\/p>\n<\/div>\n<\/div>\n<\/div>\n<\/div>\n<\/div>\n<\/section>\n<\/section>\n\n\n\n<section class=\"wp-block-group alignfull is-style-section-2 has-global-padding is-layout-constrained wp-block-group-is-layout-constrained is-style-section-2--28\" style=\"margin-top:0;margin-bottom:0;padding-top:var(--wp--preset--spacing--90);padding-bottom:var(--wp--preset--spacing--90)\">\n<div class=\"wp-block-group alignwide has-c-50-background-color has-background is-layout-flow wp-container-core-group-is-layout-6e9d347c wp-block-group-is-layout-flow\">\n<div class=\"wp-block-group is-layout-flow wp-block-group-is-layout-flow\">\n<div class=\"wp-block-columns is-layout-flex wp-container-core-columns-is-layout-46dc1dd9 wp-block-columns-is-layout-flex\">\n<div class=\"wp-block-column is-layout-flow wp-block-column-is-layout-flow\">\n<h2 class=\"wp-block-heading is-style-text-title-2 is-style-text-title-2--29\"><em>Perspectives<\/em><\/h2>\n<\/div>\n\n\n\n<div class=\"wp-block-column is-layout-flow wp-block-column-is-layout-flow\">\n<div class=\"wp-block-group has-tiny-font-size has-global-padding is-layout-constrained wp-block-group-is-layout-constrained\">\n<p class=\"has-minuscule-font-size\">La commune engage une r\u00e9flexion globale sur l\u2019am\u00e9nagement du carr\u00e9 d\u00e9tente, d\u00e9j\u00e0 structur\u00e9 autour du stade de football, du terrain de tennis et du city stade.<\/p>\n\n\n\n<p class=\"has-minuscule-font-size\">Dans un premier temps, des travaux d\u2019entretien seront r\u00e9alis\u00e9s afin de valoriser le site : nettoyage des espaces, \u00e9lagage des pins et remise en \u00e9tat des haies pour en faciliter la gestion et am\u00e9liorer la lisibilit\u00e9 des lieux.<\/p>\n\n\n\n<p class=\"has-minuscule-font-size\">Un nouvel espace de convivialit\u00e9 sera \u00e9galement am\u00e9nag\u00e9 \u00e0 l\u2019arri\u00e8re du terrain de tennis, \u00e0 proximit\u00e9 des jardins. Il a vocation \u00e0 accueillir des usages partag\u00e9s, autour notamment de la p\u00e9tanque et d\u2019une ambiance guinguette.<\/p>\n\n\n\n<p class=\"has-minuscule-font-size\">Dans un second temps, la cr\u00e9ation d\u2019un parking \u00e9cologique, int\u00e9gr\u00e9 sous les pins, viendra compl\u00e9ter l\u2019ensemble.<\/p>\n\n\n\n<p class=\"has-minuscule-font-size\">Enfin, les abords du ruisseau feront l\u2019objet d\u2019un am\u00e9nagement paysager, avec plantations, mise en valeur des berges et cr\u00e9ation d\u2019acc\u00e8s en rondins, afin d\u2019offrir un lieu propice \u00e0 la d\u00e9tente.<\/p>\n\n\n\n<p class=\"has-minuscule-font-size\">Inscrit dans les perspectives du mandat, cet espace a vocation \u00e0 devenir un v\u00e9ritable lieu de vie pour tous.<\/p>\n<\/div>\n<\/div>\n<\/div>\n<\/div>\n<\/div>\n<\/section>\n","protected":false},"excerpt":{"rendered":"<p>Football 1 terrain, vestiaire, wc City Stade 1 terrain multi-modal Tennis 1 terrain P\u00e9tanque 2026-2027 Les Associations sportives Centre Chor\u00e9graphique de danse Courir \u00e0 Malves Clamoux P\u00eache Club de Marche Perspectives La commune engage une r\u00e9flexion globale sur l\u2019am\u00e9nagement du carr\u00e9 d\u00e9tente, d\u00e9j\u00e0 structur\u00e9 autour du stade de football, du terrain de tennis et du [&hellip;]<\/p>\n","protected":false},"author":1,"featured_media":0,"parent":0,"menu_order":0,"comment_status":"closed","ping_status":"closed","template":"","meta":{"footnotes":""},"class_list":["post-282","page","type-page","status-publish","hentry"],"_links":{"self":[{"href":"https:\/\/www.malvesenminervois.fr\/index.php\/wp-json\/wp\/v2\/pages\/282","targetHints":{"allow":["GET"]}}],"collection":[{"href":"https:\/\/www.malvesenminervois.fr\/index.php\/wp-json\/wp\/v2\/pages"}],"about":[{"href":"https:\/\/www.malvesenminervois.fr\/index.php\/wp-json\/wp\/v2\/types\/page"}],"author":[{"embeddable":true,"href":"https:\/\/www.malvesenminervois.fr\/index.php\/wp-json\/wp\/v2\/users\/1"}],"replies":[{"embeddable":true,"href":"https:\/\/www.malvesenminervois.fr\/index.php\/wp-json\/wp\/v2\/comments?post=282"}],"version-history":[{"count":6,"href":"https:\/\/www.malvesenminervois.fr\/index.php\/wp-json\/wp\/v2\/pages\/282\/revisions"}],"predecessor-version":[{"id":406,"href":"https:\/\/www.malvesenminervois.fr\/index.php\/wp-json\/wp\/v2\/pages\/282\/revisions\/406"}],"wp:attachment":[{"href":"https:\/\/www.malvesenminervois.fr\/index.php\/wp-json\/wp\/v2\/media?parent=282"}],"curies":[{"name":"wp","href":"https:\/\/api.w.org\/{rel}","templated":true}]}}