{"id":284,"date":"2026-04-06T20:38:02","date_gmt":"2026-04-06T18:38:02","guid":{"rendered":"https:\/\/www.malvesenminervois.fr\/?page_id=284"},"modified":"2026-04-06T21:31:30","modified_gmt":"2026-04-06T19:31:30","slug":"leglise","status":"publish","type":"page","link":"https:\/\/www.malvesenminervois.fr\/index.php\/leglise\/","title":{"rendered":"L&rsquo;\u00e9glise"},"content":{"rendered":"\n<div class=\"wp-block-group alignfull is-style-default has-background is-layout-flow wp-block-group-is-layout-flow\" style=\"background-color:#fac4006b;padding-top:6vw;padding-right:6vw;padding-bottom:6vw;padding-left:6vw\">\n<div class=\"wp-block-group alignwide is-vertical is-nowrap is-layout-flex wp-container-core-group-is-layout-7946b6b8 wp-block-group-is-layout-flex\" style=\"padding-top:0;padding-right:0;padding-bottom:0;padding-left:0\">\n<div class=\"wp-block-columns alignwide is-layout-flex wp-container-core-columns-is-layout-21b20327 wp-block-columns-is-layout-flex\">\n<div class=\"wp-block-column is-layout-flow wp-block-column-is-layout-flow\" style=\"flex-basis:33.38%\">\n<p class=\"has-text-color\" style=\"color:#000000;font-size:clamp(14px, 0.875rem + ((1vw - 3.2px) * 0.098), 15px);\">L\u2019\u00e9glise paroissiale de Malves, d\u00e9di\u00e9e \u00e0 Saint-Pierre-aux-Liens, est un \u00e9difice de style gothique datant probablement de la fin du XVe si\u00e8cle. <\/p>\n\n\n\n<p class=\"has-text-color\" style=\"color:#000000;font-size:clamp(14px, 0.875rem + ((1vw - 3.2px) * 0.098), 15px);\">Elle aurait \u00e9t\u00e9 construite \u00e0 l\u2019initiative de Pierre de Bellissen, dont le blason est encore visible sur l\u2019arc triomphal s\u00e9parant la nef du sanctuaire.<\/p>\n\n\n\n<p class=\"has-text-color\" style=\"color:#000000;font-size:clamp(14px, 0.875rem + ((1vw - 3.2px) * 0.098), 15px);\">Le sanctuaire, de forme rectangulaire, est compos\u00e9 de trois trav\u00e9es couvertes de vo\u00fbtes en bois et pl\u00e2tre. <\/p>\n\n\n\n<p class=\"has-text-color\" style=\"color:#000000;font-size:clamp(14px, 0.875rem + ((1vw - 3.2px) * 0.098), 15px);\">De part et d\u2019autre, deux autels accueillent des statues anciennes : \u00e0 droite, Saint Roch en p\u00e8lerin accompagn\u00e9 de son chien, et \u00e0 gauche, la Vierge \u00e0 l\u2019Enfant. <\/p>\n\n\n\n<p class=\"has-text-color\" style=\"color:#000000;font-size:clamp(14px, 0.875rem + ((1vw - 3.2px) * 0.098), 15px);\">Ces \u0153uvres, en bois dor\u00e9, sont vraisemblablement issues du XVIIe si\u00e8cle.<br><br>Le clocher carr\u00e9, surmont\u00e9 d\u2019un clocheton en fer forg\u00e9, a \u00e9t\u00e9 ajout\u00e9 plus tard contre le mur sud de l\u2019\u00e9difice.<\/p>\n\n\n\n<p class=\"has-text-color\" style=\"color:#000000;font-size:clamp(14px, 0.875rem + ((1vw - 3.2px) * 0.098), 15px);\">Simple et \u00e9l\u00e9gante, cette \u00e9glise constitue un \u00e9l\u00e9ment central du patrimoine du village.<\/p>\n<\/div>\n\n\n\n<div class=\"wp-block-column is-layout-flow wp-block-column-is-layout-flow\" style=\"flex-basis:33%\">\n<div style=\"height:2vw\" aria-hidden=\"true\" class=\"wp-block-spacer\"><\/div>\n\n\n\n<figure class=\"wp-block-image size-full\"><img loading=\"lazy\" decoding=\"async\" width=\"600\" height=\"387\" src=\"http:\/\/www.malvesenminervois.fr\/wp-content\/uploads\/2026\/04\/malves-eglise.jpg\" alt=\"\" class=\"wp-image-309\" srcset=\"https:\/\/www.malvesenminervois.fr\/wp-content\/uploads\/2026\/04\/malves-eglise.jpg 600w, https:\/\/www.malvesenminervois.fr\/wp-content\/uploads\/2026\/04\/malves-eglise-300x194.jpg 300w\" sizes=\"auto, (max-width: 600px) 100vw, 600px\" \/><\/figure>\n<\/div>\n\n\n\n<div class=\"wp-block-column is-layout-flow wp-block-column-is-layout-flow\" style=\"flex-basis:33.62%\">\n<figure class=\"wp-block-image size-large is-resized\"><img loading=\"lazy\" decoding=\"async\" width=\"683\" height=\"1024\" src=\"https:\/\/www.malvesenminervois.fr\/wp-content\/uploads\/2026\/04\/Malves-en-Minervois_-_Eglise_01-683x1024.jpg\" alt=\"\" class=\"wp-image-311\" style=\"width:502px;height:auto\" srcset=\"https:\/\/www.malvesenminervois.fr\/wp-content\/uploads\/2026\/04\/Malves-en-Minervois_-_Eglise_01-683x1024.jpg 683w, https:\/\/www.malvesenminervois.fr\/wp-content\/uploads\/2026\/04\/Malves-en-Minervois_-_Eglise_01-200x300.jpg 200w, https:\/\/www.malvesenminervois.fr\/wp-content\/uploads\/2026\/04\/Malves-en-Minervois_-_Eglise_01-768x1152.jpg 768w, https:\/\/www.malvesenminervois.fr\/wp-content\/uploads\/2026\/04\/Malves-en-Minervois_-_Eglise_01.jpg 960w\" sizes=\"auto, (max-width: 683px) 100vw, 683px\" \/><\/figure>\n<\/div>\n<\/div>\n<\/div>\n<\/div>\n","protected":false},"excerpt":{"rendered":"<p>L\u2019\u00e9glise paroissiale de Malves, d\u00e9di\u00e9e \u00e0 Saint-Pierre-aux-Liens, est un \u00e9difice de style gothique datant probablement de la fin du XVe si\u00e8cle. Elle aurait \u00e9t\u00e9 construite \u00e0 l\u2019initiative de Pierre de Bellissen, dont le blason est encore visible sur l\u2019arc triomphal s\u00e9parant la nef du sanctuaire. Le sanctuaire, de forme rectangulaire, est compos\u00e9 de trois trav\u00e9es [&hellip;]<\/p>\n","protected":false},"author":1,"featured_media":0,"parent":0,"menu_order":0,"comment_status":"closed","ping_status":"closed","template":"","meta":{"footnotes":""},"class_list":["post-284","page","type-page","status-publish","hentry"],"_links":{"self":[{"href":"https:\/\/www.malvesenminervois.fr\/index.php\/wp-json\/wp\/v2\/pages\/284","targetHints":{"allow":["GET"]}}],"collection":[{"href":"https:\/\/www.malvesenminervois.fr\/index.php\/wp-json\/wp\/v2\/pages"}],"about":[{"href":"https:\/\/www.malvesenminervois.fr\/index.php\/wp-json\/wp\/v2\/types\/page"}],"author":[{"embeddable":true,"href":"https:\/\/www.malvesenminervois.fr\/index.php\/wp-json\/wp\/v2\/users\/1"}],"replies":[{"embeddable":true,"href":"https:\/\/www.malvesenminervois.fr\/index.php\/wp-json\/wp\/v2\/comments?post=284"}],"version-history":[{"count":6,"href":"https:\/\/www.malvesenminervois.fr\/index.php\/wp-json\/wp\/v2\/pages\/284\/revisions"}],"predecessor-version":[{"id":315,"href":"https:\/\/www.malvesenminervois.fr\/index.php\/wp-json\/wp\/v2\/pages\/284\/revisions\/315"}],"wp:attachment":[{"href":"https:\/\/www.malvesenminervois.fr\/index.php\/wp-json\/wp\/v2\/media?parent=284"}],"curies":[{"name":"wp","href":"https:\/\/api.w.org\/{rel}","templated":true}]}}